ative of s**4/12 - s**3 + 5*s**2/2 + 4*s. Let l(h) = h + 12. Let u be l(-10). Let d be ((-30)/(-3))/(u/1). Determine g(d).
0
Let j(k) = 12*k + 1. Suppose y - 23 = -5*o - 5, -3*y = -3*o. Suppose 0 = -o*m - c - c + 2, c = m - 4. Determine j(m).
25
Let i(p) = -5*p + 6. Let k = 215 + -220. Give i(k).
31
Let s(z) = z**2 - 2*z + 1. Suppose 0 = a - 6*a + 60. Suppose -5*m - 1 = -3*q - 9, 2*m + q - a = 0. Suppose -1 = -m*t + 7. Calculate s(t).
1
Let n(v) be the second derivative of -v**4/4 - 2*v**3/3 - v**2 - 407*v. Let s = 0 - 2. Determine n(s).
-6
Let q(h) = h**2 - 9*h - 1. Suppose c + j - 11 = 0, -4*c = j - 0*j - 47. What is q(c)?
35
Suppose 0 = -g + 2*o + 13, 2*g + 4 = -2*o - 0. Let w(t) = -9*t**3 + 22*t**3 - 6*t**3 - t - 8*t**3 + g + 2*t**2. Give w(3).
-9
Let z be (3 + 0)*(-8 - -15). Let o = 34 - z. Let s = -11 + o. Let f(k) = -5*k - 2. What is f(s)?
-12
Let j(v) be the first derivative of 2*v**3/3 - 3*v**2 - 8*v - 113. Give j(4).
0
Suppose 0 = -5*c + y - 2*y + 124, 5*c - 5*y - 100 = 0. Suppose -m = -4*f + 18, -6*m + 4*m + c = 4*f. Let r(a) = -4 + 3*a - 1 + 3. Calculate r(m).
4
Suppose -5 = -2*b + 1. Let s(a) = 3*a**2 - 5*a**2 - 3*a - 2*a**2 + 5*a**2. What is s(b)?
0
Let i(a) = -5*a**3 - 16*a**2 + 25*a - 3. Let s(c) = -26*c + 38*c + 3 + c**3 + 4*c**2 - 2 - 18*c. Let h(n) = 2*i(n) + 9*s(n). Let u = 7 - 4. Determine h(u).
0
Let n(r) = -r**2 + 11*r - 3. Let p be (-6)/(-4)*((-176)/(-12))/2. Calculate n(p).
-3
Let a(t) be the third derivative of -t**4/24 - 7*t**3/6 + 7*t**2. Let d(k) = k + 1. Let b be d(2). Let o(j) = 3. Let c(h) = b*a(h) + 8*o(h). What is c(2)?
-3
Let b(h) = 2*h**2 + 4*h + 5. Let x be b(-2). Let l(v) = 13 + v**2 - 10 - x*v + 11*v. Calculate l(-5).
-2
Let y(j) = j - 1 + 0*j**2 - j**2 + 2. Let p(z) = 6*z - 16. Let n be p(0). Let t = 15 + n. Calculate y(t).
-1
Let j(a) = 22*a + 78. Let z be j(-4). Let g(x) = x**3 + 11*x**2 + 9*x - 13. Give g(z).
-3
Let p(x) be the third derivative of x**4/8 - 13*x**3/6 + 26*x**2 - 2*x. What is p(6)?
5
Let y(i) = 2*i - 3. Suppose -105 = 55*d - 40*d. Give y(d).
-17
Let j be (-8)/(-36) + (-50)/(-18). Suppose 18 = 2*y + 4*r, 5*y - j*y - 5*r - 54 = 0. Let m = y - 19. Let i(a) = a**3 + 2*a**2 + 2*a. What is i(m)?
-4
Let c(l) = 3*l - 5*l - l + 2*l + 3. Determine c(7).
-4
Suppose -5*f + 372 = 4*k, 2*f - 180 = -2*k + f. Let h be ((-2)/(-4))/((-2)/k). Let o = h - -26. Let c(r) = -r**2 + 5*r - 3. Calculate c(o).
1
Suppose 6*f + z + 2 = 5*f, 0 = 3*f - 5*z + 38. Let s = -7 + 10. Let r(n) = 5*n + 0*n**2 - n**3 - 7*n**3 + 9*n**s + 7*n**2. Calculate r(f).
6
Let f(o) be the third derivative of o**6/120 - 11*o**5/60 - o**4/12 + 9*o**3/2 - 8*o**2 + 3*o. Give f(11).
5
Let y(g) be the first derivative of -g**4/4 - 7*g**3/3 - 2*g**2 - 3*g + 325. Give y(-6).
-15
Suppose 0 = 12*l - 16*l + 12. Suppose -l*j = f - 22, 5*f - 79 = j + 15. Let u(b) = -3*b - f + 5 + 10. Calculate u(-6).
14
Let y(j) be the second derivative of -j**4/12 - 5*j**3/6 + 3*j**2/2 - 7*j. Let i = 19 + -25. Determine y(i).
-3
Let s(n) = 3*n**3 + 3*n**2 + 4*n + 2. Let j be (-1 - (-1 + (-2)/4))*4. Suppose -j*i + 8*i + 12 = 0. Calculate s(i).
-18
Let k(q) = -17 - q + 6 + 7. What is k(5)?
-9
Suppose -2*p + 7*p = f + 22, -3*f = -p - 4. Let g(z) = 4*z**2 - 3*z + 4. Calculate g(f).
31
Let h(v) = 12*v - 48. Let j(g) = g**3 - 10*g**2 + 15*g + 12. Let q be j(8). Give h(q).
0
Let y(c) be the first derivative of 37*c**4/4 + c**3/3 - c - 121. Give y(1).
37
Let s(v) = -v**3 + 6*v**2 + v - 4. Let w be s(6). Suppose -2*u = w*u. Let n(q) = -4 + 0*q**2 - q + u*q + q**2. Give n(0).
-4
Suppose -3*q - n = -23, -5*q + 3*n - 5*n + 40 = 0. Let a(j) = -j**3 + 6*j**2 - 4*j - 2. Give a(q).
-26
Let l(d) = d**3 - 4*d**2 + 2*d. Suppose 0 = 4*i + 20 - 12. Let x(z) = 2*z**2 + 3*z. Let g be x(i). Determine l(g).
-4
Let z(q) = -4*q**2 + 9*q - 3. Let i(y) = -5*y**2 + 10*y - 2. Let t(b) = 3*i(b) - 4*z(b). Let c = -54 + 44. Let r be (0 - c/25) + 36/10. What is t(r)?
-2
Let h(y) = -y**3 + 11*y**2 + y - 1. Let r be h(11). Let f(q) = -2*q**2 - 6*q - 3. Let b(t) = t**2 + 3*t + 1. Let n(x) = r*b(x) + 4*f(x). What is n(-5)?
18
Let m(k) = -k**3 + k**2 + 1. Let u = 7 - 8. Let l(v) = -2*v**3 - 8*v**2 - 9*v - 2. Let n(z) = u*m(z) + l(z). Determine n(-8).
5
Let i(d) = -2*d**2 + d + 2. Suppose -f - 7 + 43 = 0. Let n be (-2)/(-6)*-7 + 12/f. Calculate i(n).
-8
Let c(n) = -n - 2. Let r(q) = q**3 - 11*q**2 - 2*q + 7. Let j be r(11). Let b = j + 12. Determine c(b).
1
Let y(w) = -551 - 5*w - 2*w + 540. What is y(-5)?
24
Suppose -3*p + 0 + 3 = 0. Let t be 1/p*2 + 1. Let u(l) = 34*l - 5. Let d(g) = 43*g - 6. Let b(s) = 3*d(s) - 4*u(s). Calculate b(t).
-19
Let v = 16 + -9. Let f = v + -8. Let b(q) = 1 - 5*q - q**3 + 3*q - q**2 + 3*q. Determine b(f).
0
Let q(n) = 35*n**2 - n + 6. Let y(m) = -34*m**2 + m - 5. Let k(c) = 4*q(c) + 5*y(c). Give k(1).
-30
Let w(a) = -3*a - 16. Let x(l) = -l. Let c(h) = -w(h) + 4*x(h). Let v = -14 - -14. Calculate c(v).
16
Let c(j) = -j**2 - 10*j - 15. Let y be (665/(-399))/(1/6). What is c(y)?
-15
Let v(u) be the third derivative of u**6/120 - u**5/12 + u**4/12 - 2*u**3/3 + 32*u**2 - 1. Let y(q) = -q**3 + 4*q**2 + 7*q - 5. Let w be y(5). Give v(w).
6
Let d be 2/3*(6 - -18). Suppose h + d = a - 4*h, 3*h + 7 = -2*a. Let s(j) = -2 - a - 3*j + 2. Calculate s(-2).
5
Let v(o) = -o**3 + 5*o**2 + o - 2. Let k = 0 + 2. Let r(n) = 3*n**2 + n + 7*n**2 - 2*n**2 - k*n**2 - 2. Let a be r(1). Determine v(a).
3
Let p(d) be the first derivative of d**4/4 + d**3/3 + 3*d**2/2 - d + 10098. Let f be 2/((-4)/(-6)) + -1. Give p(f).
17
Let y(j) = j + 4. Let i be y(-16). Let n = 16 + i. Suppose n*o = 23 - 3. Let h(t) = t - 5. Give h(o).
0
Suppose -l + 3*d = -20, l - 32 = -4*l - 2*d. Let w = -1 - l. Let a be (w/(-6))/(15/(-20)). Let x(t) = -6*t - 1. Give x(a).
11
Let r(w) = -w**2 - 6*w - 3. Let d(s) = -s**2 - 8*s - 4. Let y be d(-7). Suppose y*b + 2 = 2*g, -4*g = -0*g + 5*b - 4. Let l be (1 + g)*(-2 + 0). What is r(l)?
5
Let d(j) = -16 - 3*j + 3*j - 2*j + 22. Let w(h) = 2*h - 5. Let g(m) = 5*d(m) + 6*w(m). Determine g(-4).
-8
Let l(i) = -i - 6. Suppose 0 = -3*m + 67 + 83. Suppose -q - 9*q - m = 0. Calculate l(q).
-1
Suppose 5*f - 65 = 5*u, 0*u + 16 = 2*f + 3*u. Let i be 279/99 + 2/f. Let b(r) = -2*r + 4*r - 1 + 13*r**i - 5*r**3 - 2*r**2. What is b(1)?
7
Let j(p) = p + 7. Let t(q) = 11*q**3 - q**2 + 5*q + 43. Let z(f) = 6*j(f) - t(f). Determine z(-1).
10
Let g be ((-19)/5 - -3)/((-24)/60). Let v(p) = -p**2 + 5*p - 3. What is v(g)?
3
Let h(o) = -4 - 17*o + o**2 - 4 + 11*o. Let m = 6 - 0. Give h(m).
-8
Suppose -4*z + 2*z = -4. Let a(p) = 0*p**3 + p**3 + 0*p + 0*p - z + 2*p + 5*p**2. Calculate a(-5).
-12
Let p(t) be the third derivative of t**7/840 - t**6/72 - t**5/120 - t**4/24 + 2*t**3 + 2*t**2. Let z(c) be the first derivative of p(c). Give z(5).
-6
Let l(i) = 17 + 2*i - 25*i**3 - 7*i**2 + 26*i**3 - 10. Give l(5).
-33
Let k(a) be the first derivative of a**4/4 - a**3 - a**2/2 + 2*a - 329. Determine k(3).
-1
Let h(i) = -13*i - 14 - 9 + 35*i - 20*i. Calculate h(0).
-23
Let f(c) be the second derivative of -2*c**3/3 - 3*c**2/2 - 27*c - 1. Give f(-3).
9
Let m(q) = 9*q**2 - 11*q + 8 + 20*q - 12*q - 7*q**2. Calculate m(3).
17
Let x(d) be the second derivative of 0 - 5/2*d**2 - 10*d + 1/2*d**3. Calculate x(4).
7
Suppose -139*v = -142*v + 27. Let h(i) be the second derivative of i**3/6 - 5*i**2/2 - i. Determine h(v).
4
Let g(v) = -v - 5. Suppose -40*h = -36*h + 40. What is g(h)?
5
Let o be 4/14 - 40/(-7). Let j(n) = -n**2 - 24 + 22 + o*n + 0*n**2. What is j(6)?
-2
Let g(v) = -2*v**3 + 6*v**2 + 5*v - 12. Let l be g(3). Let u(a) = -a**2 - 1. Calculate u(l).
-10
Let o(r) = -2*r + 1. Let w be o(-1). Suppose n = 2*c + 2, -w*n + 6 + 0 = 2*c. Let x(h) = -7 + 2*h**2 - 3*h**2 + n + 6*h - h. Determine x(4).
-1
Let a = -10 - -12. Let f(p) = -p - 1 + 2 - 3*p + 2*p**a. Let w = 7 + -4. Calculate f(w).
7
Suppose -20*n + 296 = 17*n. Let i(d) = -3*d**2 - 9*d + 9. Let g(l) = -5*l**2 - 18*l + 17. Let p(z) = -4*g(z) + 7*i(z). Determine p(n).
3
Let x(s) = s**2 + 5*s - 4. Let h be x(-6). Let f(n) = 11*n**2 - 4*n**h - 6*n**2 - n**3. Calculate f(0).
0
Let d(u) = u - 1. Let q be 48/(-9) + 3/9. Let k(o) = o**2 + 3*o - 4. Let i be k(q). Let n be (-3)/i - 18/4. Determine d(n).
-6
Let a(j) = 10*j**2 - 2*j - 1. Let z = 701 - 702. Determine a(z).
11
